{"id":1297,"date":"2015-06-08T21:00:55","date_gmt":"2015-06-09T02:00:55","guid":{"rendered":"http:\/\/www.aseibi.org.co\/?page_id=1297"},"modified":"2022-09-11T18:47:09","modified_gmt":"2022-09-11T23:47:09","slug":"junta-directiva-2014-2016","status":"publish","type":"page","link":"https:\/\/www.aseibi.org.co\/?page_id=1297","title":{"rendered":"Junta Directiva 2014-2016"},"content":{"rendered":"<p><strong>La Junta Directiva de ASEIBI para el periodo 2014-206 est\u00e1 conformada por los siguientes profesionales:<\/strong><\/p>\n<p><strong>Presidente:<\/strong><\/p>\n<p>Diana Mar\u00eda Ayala Villada<\/p>\n<p><strong>Vicepresidente:<\/strong><\/p>\n<p>Bibliotec\u00f3logo \u00c1lvaro Osorio Tuberquia<\/p>\n<p><strong>Tesorera:<\/strong><\/p>\n<p>Bibliotec\u00f3loga Mar\u00eda Otilia Sierra Bedoya<\/p>\n<p><strong>Secretario:<\/strong><\/p>\n<p>Bibliotec\u00f3logo Jhon Valencia<\/p>\n<p><strong>Vocales:<\/strong><\/p>\n<p>Bibliotec\u00f3logo Carlos&nbsp;Mario Rios Toro<\/p>\n<p>Bibliotec\u00f3loga Nube Usuga Cifuentes<\/p>\n<p>Bibliotec\u00f3loga Luz Patricia Agudelo<\/p>\n<p>&nbsp;<\/p>\n<p>.<\/p>\n<p>&nbsp;<\/p>\n<div style=\"text-align: center;\"><strong>ASEIBI<\/strong><\/div>\n<div style=\"text-align: center;\"><strong>Asociaci\u00f3n de Egresados de la Escuela Interamericana de Bibliotecolog\u00eda &#8211; Universidad de Antioquia.<\/strong><\/div>\n<div style=\"text-align: center;\"><strong>Pasaje comercial Astoria, edificio Tequendama &#8211; carrera 49 n\u00b0 52 &#8211; 61 Oficina: 704<\/strong><\/div>\n<div style=\"text-align: center;\"><strong>Medell\u00edn &#8211; Colombia<\/strong><\/div>\n<div style=\"text-align: center;\"><strong>asociacion@aseibi.org.co<\/strong><\/div>\n ","protected":false},"excerpt":{"rendered":"<p>La Junta Directiva de ASEIBI para el periodo 2014-206 est\u00e1 conformada por los siguientes profesionales: Presidente: Diana Mar\u00eda Ayala Villada Vicepresidente: Bibliotec\u00f3logo \u00c1lvaro Osorio Tuberquia Tesorera: Bibliotec\u00f3loga Mar\u00eda Otilia Sierra Bedoya Secretario: Bibliotec\u00f3logo Jhon Valencia Vocales: Bibliotec\u00f3logo Carlos&nbsp;Mario Rios Toro Bibliotec\u00f3loga Nube Usuga Cifuentes Bibliotec\u00f3loga Luz Patricia Agudelo &nbsp; . &nbsp; ASEIBI Asociaci\u00f3n de Egresados &#8230;<\/p>\n","protected":false},"author":1,"featured_media":3326,"parent":2112,"menu_order":2,"comment_status":"open","ping_status":"closed","template":"","meta":{"footnotes":""},"class_list":["post-1297","page","type-page","status-publish","has-post-thumbnail","hentry"],"aioseo_notices":[],"_links":{"self":[{"href":"https:\/\/www.aseibi.org.co\/index.php?rest_route=\/wp\/v2\/pages\/1297"}],"collection":[{"href":"https:\/\/www.aseibi.org.co\/index.php?rest_route=\/wp\/v2\/pages"}],"about":[{"href":"https:\/\/www.aseibi.org.co\/index.php?rest_route=\/wp\/v2\/types\/page"}],"author":[{"embeddable":true,"href":"https:\/\/www.aseibi.org.co\/index.php?rest_route=\/wp\/v2\/users\/1"}],"replies":[{"embeddable":true,"href":"https:\/\/www.aseibi.org.co\/index.php?rest_route=%2Fwp%2Fv2%2Fcomments&post=1297"}],"version-history":[{"count":4,"href":"https:\/\/www.aseibi.org.co\/index.php?rest_route=\/wp\/v2\/pages\/1297\/revisions"}],"predecessor-version":[{"id":2111,"href":"https:\/\/www.aseibi.org.co\/index.php?rest_route=\/wp\/v2\/pages\/1297\/revisions\/2111"}],"up":[{"embeddable":true,"href":"https:\/\/www.aseibi.org.co\/index.php?rest_route=\/wp\/v2\/pages\/2112"}],"wp:featuredmedia":[{"embeddable":true,"href":"https:\/\/www.aseibi.org.co\/index.php?rest_route=\/wp\/v2\/media\/3326"}],"wp:attachment":[{"href":"https:\/\/www.aseibi.org.co\/index.php?rest_route=%2Fwp%2Fv2%2Fmedia&parent=1297"}],"curies":[{"name":"wp","href":"https:\/\/api.w.org\/{rel}","templated":true}]}}