{"id":6,"date":"2008-02-06T14:59:56","date_gmt":"2008-02-06T19:59:56","guid":{"rendered":"http:\/\/aseibi.wordpress.com\/?page_id=6"},"modified":"2026-01-17T18:43:57","modified_gmt":"2026-01-17T23:43:57","slug":"quienes-somos","status":"publish","type":"page","link":"https:\/\/www.aseibi.org.co\/?page_id=6","title":{"rendered":"Qui\u00e9nes somos"},"content":{"rendered":"<p><span style=\"color: #ffffff;\"><strong><span style=\"font-size: 10pt; line-height: 150%;\">\u00bfQui\u00e9nes somos?<\/span><\/strong><\/span><\/p>\n<p><span style=\"font-size: 10pt; line-height: 150%;\">La Asociaci\u00f3n de Egresados de la Escuela Interamericana de Bibliotecolog\u00eda de la Universidad de Antioquia, ASEIBI, es una entidad profesional aut\u00f3noma y de car\u00e1cter privado, sin \u00e1nimo de lucro, conformada por sus egresados y que hayan recibido t\u00edtulo profesional de esta Universidad. Fue fundada en Medell\u00edn en el marco del IV Seminario de Bibliotecas de Instituciones de Educaci\u00f3n Superior en 1982 y el gobierno le reconoci\u00f3 mediante Personer\u00eda Jur\u00eddica No. 32987 de 13 de junio de 1983 expedida por la Gobernaci\u00f3n de Antioquia. Su domicilio principal es la ciudad de Medell\u00edn, pero podr\u00e1 desarrollar sus actividades a trav\u00e9s de comit\u00e9s seccionales en otras ciudades o regiones. Su duraci\u00f3n ser\u00e1 indefinida, pero podr\u00e1 disolverse de acuerdo con lo previsto en estos estatutos.<\/span><\/p>\n<p class=\"MsoNormal\" style=\"text-align: center; line-height: normal;\"><span style=\"color: #ffffff;\"><span style=\"font-size: 10pt; line-height: 150%;\">..<\/span><\/span><\/p>\n<p class=\"MsoNormal\" style=\"text-align: center; line-height: normal;\"><strong><span style=\"color: #888888;\"><span style=\"font-size: 10pt;\">ASEIBI<\/span><\/span><\/strong><\/p>\n<p class=\"MsoNormal\" style=\"text-align: center; line-height: normal;\"><strong><span style=\"color: #888888;\"><span style=\"font-size: 10pt;\">Asociaci\u00f3n de Egresados de la Escuela Interamericana de Bibliotecolog\u00eda &#8211; Universidad de Antioquia.<\/span><\/span><\/strong><\/p>\n<p class=\"MsoNormal\" style=\"text-align: center; line-height: normal;\"><strong><span style=\"color: #888888;\"><span style=\"font-size: 10pt;\">Edificio TEQUENDAMA &#8211; Carrera 49 N\u00b0 52 &#8211; 61 Of.: 704 Medell\u00edn-Colombia<br \/>\n<\/span><\/span><\/strong><\/p>\n<p class=\"MsoNormal\" style=\"text-align: center; line-height: normal;\"><strong><span style=\"color: #888888;\"><span style=\"font-size: 10pt;\">Celular: 3145353200<br \/>\n<\/span><\/span><\/strong><\/p>\n<p class=\"MsoNormal\" style=\"text-align: center; line-height: normal;\"><strong><span style=\"color: #888888;\"><span style=\"font-size: 10pt;\">asociacion@aseibi.org.co<\/span><\/span><\/strong><\/p>\n<h5 class=\"MsoNormal\" style=\"text-align: center; line-height: normal;\"><span style=\"color: #ffffff;\"><strong><span style=\"font-size: 10pt;\">asociacion@aseibi.org.co<\/span><\/strong>.<\/span><\/h5>\n<p class=\"MsoNormal\" style=\"text-align: center; line-height: normal;\"><span style=\"color: #ffffff;\">.<\/span><\/p>\n<p class=\"MsoNormal\">\n ","protected":false},"excerpt":{"rendered":"<p>\u00bfQui\u00e9nes somos? La Asociaci\u00f3n de Egresados de la Escuela Interamericana de Bibliotecolog\u00eda de la Universidad de Antioquia, ASEIBI, es una entidad profesional aut\u00f3noma y de car\u00e1cter privado, sin \u00e1nimo de lucro, conformada por sus egresados y que hayan recibido t\u00edtulo profesional de esta Universidad. Fue fundada en Medell\u00edn en el marco del IV Seminario de &#8230;<\/p>\n","protected":false},"author":1,"featured_media":3280,"parent":0,"menu_order":0,"comment_status":"open","ping_status":"closed","template":"","meta":{"footnotes":""},"class_list":["post-6","page","type-page","status-publish","has-post-thumbnail","hentry"],"aioseo_notices":[],"_links":{"self":[{"href":"https:\/\/www.aseibi.org.co\/index.php?rest_route=\/wp\/v2\/pages\/6"}],"collection":[{"href":"https:\/\/www.aseibi.org.co\/index.php?rest_route=\/wp\/v2\/pages"}],"about":[{"href":"https:\/\/www.aseibi.org.co\/index.php?rest_route=\/wp\/v2\/types\/page"}],"author":[{"embeddable":true,"href":"https:\/\/www.aseibi.org.co\/index.php?rest_route=\/wp\/v2\/users\/1"}],"replies":[{"embeddable":true,"href":"https:\/\/www.aseibi.org.co\/index.php?rest_route=%2Fwp%2Fv2%2Fcomments&post=6"}],"version-history":[{"count":12,"href":"https:\/\/www.aseibi.org.co\/index.php?rest_route=\/wp\/v2\/pages\/6\/revisions"}],"predecessor-version":[{"id":3389,"href":"https:\/\/www.aseibi.org.co\/index.php?rest_route=\/wp\/v2\/pages\/6\/revisions\/3389"}],"wp:featuredmedia":[{"embeddable":true,"href":"https:\/\/www.aseibi.org.co\/index.php?rest_route=\/wp\/v2\/media\/3280"}],"wp:attachment":[{"href":"https:\/\/www.aseibi.org.co\/index.php?rest_route=%2Fwp%2Fv2%2Fmedia&parent=6"}],"curies":[{"name":"wp","href":"https:\/\/api.w.org\/{rel}","templated":true}]}}